64. What is the remainder when 25 is divided by (-168)/m*(-4)/6?
4
Let l(u) = -u + 69. What is the remainder when 170 is divided by l(11)?
54
Let t(b) = -5*b + 13. Suppose 15 = 3*v + 45. Let n(l) = 15*l - 40. Let u(w) = v*t(w) - 3*n(w). Calculate the remainder when u(12) is divided by 13.
11
Suppose -12*h = 6 - 30. Suppose 7*r - h*q + 446 = 10*r, 2*r - 300 = -2*q. Calculate the remainder when r is divided by 30.
26
Let m(d) = -d**3 - d**2 - 2*d + 1. Let r be m(-4). Suppose 143 = z + 2*n, -2*n - r = 5*z - 740. Calculate the remainder when z is divided by 46.
43
Let p(c) = 0*c**2 + c**2 + 33 - 35. Let s be p(2). Calculate the remainder when 22 is divided by -13*(s/(-2) - 0).
9
Suppose 0 = -9*t + 14*t - 195. What is the remainder when 76 is divided by t?
37
Suppose 26 = 5*m - 29. Suppose 3*i + m = 29. Let a(o) = o**2 - 6*o + 5. Calculate the remainder when 14 is divided by a(i).
4
Let q(h) = -h**2 + 3*h + 1. Let t be q(1). Suppose 6*r + 50 = t*p + 2*r, -5*r - 24 = -p. Calculate the remainder when 67 is divided by p.
11
Suppose 2 + 0 = a. Suppose -a = -3*s - 3*x + 16, 4 = -s + 4*x. Suppose 5*r = -4*q + 16, -r = -q - 5*r + s. What is the remainder when q is divided by 3?
1
Let q = -3174 + 3192. Suppose -3*h - 34 = -127. Calculate the remainder when h is divided by q.
13
Suppose n - 67 = -y, 76 + 16 = n - 4*y. Let s = n + -28. What is the remainder when s is divided by 9?
8
Suppose -l + 2 = -4. Suppose 5*i - l*i - 16 = 0. Let w = i - -38. Calculate the remainder when 62 is divided by w.
18
Let i = 487 - 475. Calculate the remainder when 29 is divided by i.
5
Let z(a) = 49*a**2 + a. Suppose s = 5*j, 0*j + 5*s - 23 = 2*j. Suppose -5*u - 38 = -o, o + 3*o - 37 = -3*u. What is the remainder when z(j) is divided by o?
11
Suppose -4*a + n - 4*n + 45 = 0, a = -2*n + 10. What is the remainder when 9*((-4)/6 + 1) is divided by (-456)/(-144) - (0 + 2/a)?
0
Let w(n) = -n**2 + 12*n - 4. What is the remainder when 125 is divided by w(5)?
1
Let r(t) = t**3 + 16*t**2 - 15*t + 47. Calculate the remainder when 35 is divided by r(-17).
9
Suppose -4*i = 122 + 30. Let u = -21 - i. What is the remainder when 44 is divided by u?
10
Suppose -y + 9*p + 616 = 6*p, -4*y - 4*p = -2512. Calculate the remainder when y is divided by 105.
100
What is the remainder when 15 is divided by 14/(-14)*(-1 + -1)?
1
Suppose 12*a = 7*a + 850. Let c = a - 101. What is the remainder when c is divided by 12?
9
Let a = 596 + -584. What is the remainder when 59 is divided by a?
11
Let s(y) = -y - 2. Let h be s(-4). Suppose 0 = -h*x - 0 + 18. Let l = 48 - 14. Calculate the remainder when l is divided by x.
7
Suppose -14*i + 121 = -89. What is the remainder when 46 is divided by i?
1
Suppose 0 = -2*x + 2*t + 34, 0*t + t = 5*x - 73. What is the remainder when 1088 is divided by x?
10
Suppose 0 = -5*d - 25, d - 370 = -5*x + 6*d. Suppose 93*f - 2664 = 22*f - 40*f. What is the remainder when x is divided by f?
21
Let o(v) = 135*v**2 + 7*v. What is the remainder when o(-1) is divided by 35?
23
Let d be (-4)/10 + (-310)/(-25). Let b = 12 - d. Suppose 4*q + 3*j = 95, -q + b*q = -5*j + 5. What is the remainder when 59 is divided by q?
19
Let j = -27 - -26. Calculate the remainder when 147 is divided by (-50)/6*j*3.
22
Let f = -190 + 308. Let t be 2/10 - 4182/85. Let u = t + f. Calculate the remainder when u is divided by 35.
34
Let c = 2378 + -2132. Calculate the remainder when c is divided by 86.
74
Calculate the remainder when 250 is divided by (-5)/(-15) + -3 + 232/6.
34
Suppose 4*z = -z + 40. Suppose 85 + 99 = z*c. What is the remainder when 66 is divided by c?
20
Let l = -48 + 52. Suppose 122 = 5*d - g, -g - 4*g = -l*d + 85. What is the remainder when d is divided by 14?
11
Let d(b) = 244*b**3 + 2*b**2 - 1. Let i be d(-1). Let t = -144 - i. What is the remainder when t is divided by 25?
24
Suppose -5*u + 3*d - 6*d = 0, -5*u - 10 = 5*d. Suppose -4*y + 7 = -2*p - 3, 0 = 4*p - 20. What is the remainder when y is divided by u?
2
Let q = 285 - 273. Calculate the remainder when 2061 is divided by q.
9
Suppose -4*j = 2*x - 30, -3*x - 3*j = -6*x. Suppose -93 = 6*f - 183. What is the remainder when f is divided by x?
0
Let o be (-8)/20 - (-97)/5. Let c = 32 - o. Suppose 31 = z + 8. Calculate the remainder when z is divided by c.
10
Suppose 3*y = -y - 5*j + 26, -j = -y + 2. Let g be 1*(4 + 0)*y. Suppose -g - 56 = -4*t. Calculate the remainder when t is divided by 5.
3
Suppose -7*y + 8*y - 3*t - 38 = 0, 0 = -3*y - 4*t + 88. What is the remainder when y is divided by 7?
4
Let x(i) = i**3 + i + 3. Let m be x(0). Suppose -1 = f - m, -2*g - 306 = 3*f. Calculate the remainder when 102 is divided by ((-3)/6)/(3/g).
24
Suppose -5 + 0 = a. Calculate the remainder when (-201)/a + (-52)/(-65) is divided by 14.
13
Let f be (-3)/(-1) - (-47 + 1). Let m = -26 + f. Calculate the remainder when m is divided by 15.
8
Let h = 22 + -10. What is the remainder when h is divided by 2/16*4*(-9 + 15)?
0
Suppose 2*o - 5*d - 60 = 0, 5*o - 88 = o + 2*d. Calculate the remainder when 779 is divided by o.
19
Let k(w) = w**2 - 10*w + 3. Calculate the remainder when 258 is divided by k(11).
6
Suppose -4*k + 3*k + 12 = 0. Let n(o) = -11*o - 41. Let y be n(-16). Suppose 3*r - y - 36 = 0. Calculate the remainder when r is divided by k.
9
Let y be (-774)/(-3) + -1 - -4. Let w = -148 + y. Calculate the remainder when w is divided by 23.
21
Let u(h) = -h**3 + 10*h**2 - 10*h + 11. Let t be u(9). Suppose 0 = o - 4*d - 24, -t*d - 2*d = o + 8. Calculate the remainder when o is divided by 5.
3
Suppose -3*s - 351 - 6 = -r, 362 = r - 2*s. Calculate the remainder when r is divided by 22.
20
Suppose -h - 1 = 0, 7*z = 12*z - 4*h - 194. What is the remainder when 113 is divided by z?
37
Let x be (444/30)/(1/(-5)). Suppose 523 = 2*p + 2*p + r, 2*p - 257 = -5*r. Let h = x + p. Calculate the remainder when h is divided by 12.
9
Suppose 0 = u - 15 - 56. What is the remainder when u is divided by (16/14)/(62/217)?
3
Suppose -8*h + 813 + 747 = 0. Calculate the remainder when h is divided by 28.
27
Suppose 16*u - 264 = 1304. What is the remainder when u is divided by 23?
6
Let w(z) = 17*z - 7. Calculate the remainder when 40 is divided by w(2).
13
Let t = 457 - 419. Calculate the remainder when t is divided by 13.
12
Suppose 0 = -28*c + 24*c. Suppose 0 = o - 5*o - 3*m + 40, 4*o - 3*m - 64 = c. Calculate the remainder when 24 is divided by o.
11
Suppose 5*r + 20 = 3*r + 4*q, 2*q - 10 = 5*r. Suppose r*k - 25 = -k. What is the remainder when k is divided by 7?
4
Suppose 0 = 4*p + q - 39, 64*p - 5*q = 67*p - 42. Let v(g) = g**2 + 6*g + 6. Let m be ((-24)/(-16))/(1/(-4)). Calculate the remainder when p is divided by v(m).
3
Suppose 3*p + 19 = 5*z, -z + 17 = p + 2*z. Let g = 0 - 13. Let s = 20 + g. What is the remainder when s is divided by p?
1
Suppose 0 = 44*y - 28 - 808. Let q(u) = -u + 34. Let p be q(0). Suppose v = 2*v - p. Calculate the remainder when v is divided by y.
15
Let t(o) = -4*o - 21*o**2 + 8*o**2 + 14 - 6*o + 15*o**2. Calculate the remainder when 75 is divided by t(6).
23
Let i = -32 - -54. Let c = -1 + i. What is the remainder when c is divided by 12?
9
Let w be 25/1*4/(-10). Let x(v) = -4*v - 15. Calculate the remainder when x(w) is divided by -2*1 - 44/(-4).
7
Let g(r) = -r**3 - r**2 - 1. Let s(c) = -6*c**3 + 26*c**2 - 58*c - 13. Let d(u) = 5*g(u) - s(u). Calculate the remainder when 30 is divided by d(29).
6
Suppose 0 = -3*s - 2*y + 7, -5*s + y + 21 = 2*y. Let c(w) = 6*w - 3. Calculate the remainder when c(s) is divided by 10.
7
Let f = -428 - -791. Calculate the remainder when f is divided by 55.
33
Suppose 4 = 10*k - 9*k. Let h(l) = 3*l**2 + 3*l + 1. Calculate the remainder when h(k) is divided by 21.
19
Suppose 0 = 4*z + 4, 3*z = 4*k - 13 + 2. What is the remainder when 64 is divided by k + ((-7)/(-14))/(1/40)?
20
Let n = 28 + -25. Let p(g) = 2*g**2 - 2*g - 1. What is the remainder when 27 is divided by p(n)?
5
Let j(c) = c**2 + 6*c - 93. Calculate the remainder when j(11) is divided by 26.
16
Suppose -115 = -f - 3*a + 2*a, 3*a + 481 = 4*f. What is the remainder when f is divided by 22?
8
Let l be -2 - 11/(-5) - (-64)/(-20). What is the remainder when 10*(-1*(-177)/15 + l) is divided by 46?
42
Suppose -4*t + 293 = -119. Let d = 7 + -4. Suppos